50*x**3 + 10513*x**3 - x + 5*x**2 + x**2 - 2*x - 5264*x**3. Calculate d(5).
10
Let q(a) = -3*a**3 + a**2 + 9*a - 1. Let k be q(-2). Let r(s) = -3*s + 9. Give r(k).
-18
Let q(c) = -73*c + 22. Let f(v) = 231*v - 65. Let k(d) = -6*f(d) - 19*q(d). Determine k(25).
-3
Let z(k) = 6*k + 5. Suppose -p + 9 - 47 = -2*x, 2*x - 5*p = 46. Suppose -3*q - 4*s = -3, 3*q - 3*s + x = -0*q. What is z(q)?
-13
Let a(u) = 5*u**2 - 3*u - 7. Let p(o) = 6*o**2 - 4*o - 7. Let z(g) = 5*a(g) - 4*p(g). Let q = 131 - 129. Suppose -q*m + 2*m = m. Give z(m).
-7
Suppose -48*o = -56*o. Let d(w) = -7516 - w**3 + 7494 + 0*w**3. What is d(o)?
-22
Let j = 4 - -119. Let d = j - 120. Let z(n) = n**2 - n + 2. Calculate z(d).
8
Let a = 1 + 0. Let v(t) be the first derivative of -7/2*t**2 + 0*t - 65. Calculate v(a).
-7
Let a(b) = 3*b. Let k be a(2). Suppose 0 = 3*d - 7*d + n + 27, 2*d - 10 = 4*n. Let u(g) = 3*g - 13. Let w(c) = -5*c + 20. Let v(f) = d*u(f) + 5*w(f). Give v(k).
-15
Let p(a) = -2*a**2 + 11*a + 25. Let u(r) = r**2 - 5*r - 13. Let x(w) = 6*p(w) + 13*u(w). Let o(z) = z**3 + 6*z**2 + 3*z - 10. Let j be o(-5). Calculate x(j).
-19
Let v be (5/(-2))/((-24)/48). Suppose 3*r = -v*r + 32. Let t(z) = -z**3 + 5*z**2 - 6*z + 2. Calculate t(r).
-6
Let g(y) be the second derivative of -20*y**3/3 - 19*y**2/2 + 10881*y. What is g(-5)?
181
Let g(l) be the second derivative of l**6/360 + l**4/6 + l**3/3 + 45*l**2/2 - 42*l. Let u(w) be the second derivative of g(w). Calculate u(0).
4
Let t be (13 - 14)*(1 + -4 + 1). Let j be (-49)/(-14)*((-2)/t - 1). Let b(u) = u**2 + 6*u + 2. Calculate b(j).
9
Let p(b) = 2*b**3 + 2*b + 1. Let d = 483 + -481. Suppose -5*x = -3*o - 9, -5*o + d*x + 15 - 11 = 0. Calculate p(o).
21
Let z(c) = -2*c**2 + 20*c + 34. Suppose -221 = 32061*i - 32078*i. What is z(i)?
-44
Suppose 0 = -5*w + 20, 0 = -2*u + 6*u - 2*w - 36. Suppose m + 4*m = -5*d + 15, 5*d = -m + u. Let g(t) = -3*t**2 - 137*t + d*t**2 + 141*t. Give g(5).
-5
Let a(v) be the third derivative of v**6/60 - v**5/60 - 11*v**4/24 - v**3/3 - 847*v**2. Determine a(-3).
-32
Let j(p) = -p**2 + 11*p - 19. Let o be 9 + -14 + (-1 - -3) + (16 - 4). Give j(o).
-1
Suppose j - 3*j = -2*u + 392, u - 592 = 3*j. Let i = -202 - j. Let k(h) be the third derivative of h**5/60 - h**3/3 + 7*h**2. Give k(i).
14
Let d(v) be the second derivative of -v**4/3 + 11*v**3/6 + 10*v**2 + 1448*v. Determine d(6).
-58
Suppose 0 = -c + 4*z + 14, 4*z = 74*c - 77*c - 6. Let o(n) = 5*n**3 - 4*n - 1. What is o(c)?
31
Let v(i) = 31*i + 27*i - i**2 - 60*i + 0*i**2 + 1. Let g(l) = -2*l + 23. Let u be g(10). Suppose 0 = u*h - 4 + 10. Determine v(h).
1
Suppose 10*x = -85 - 15. Let r be -2 + x - (-8 + 3). Let m(c) = -c - 5. Give m(r).
2
Let x be (6/(-9))/((-4)/(-4))*-111. Let g = x + -72. Let d(y) = 4*y - 1. Determine d(g).
7
Suppose 6*l = 11*l - 205. Suppose 0 = -6*x + 53 - l. Let y(i) = 3*i - 2. Let k(t) = 3*t - 2. Let a(r) = -5*k(r) + 4*y(r). What is a(x)?
-4
Let t(c) = -c**2 - 2*c + 1. Let f be t(-3). Let y(k) = k + 0*k - 2*k - 2*k + 7. Let w(j) = 8*j - 20. Let z(s) = -6*w(s) - 17*y(s). Calculate z(f).
-5
Suppose -2*i + 60 = 5*u, 0*u + 2*i = -2*u + 30. Let c(r) be the first derivative of -r**4/4 + 11*r**3/3 - 4*r**2 - 10*r + 964. Calculate c(u).
10
Let m(r) = -2*r + r**3 - 143351*r**2 - 33 + 71663*r**2 + 71665*r**2. What is m(23)?
-79
Let d be -4*(6/3 + -3). Suppose 0 = d*x + 15 - 39. Let n(i) = x*i**2 - 2*i + i + 0*i + 0*i. Calculate n(-1).
7
Let y(i) be the first derivative of -i**4/24 - 8*i**3/3 - i**2 + 4*i - 41. Let c(x) be the second derivative of y(x). Give c(-11).
-5
Let k(d) be the second derivative of d**4/3 - d**3/6 + 101*d. Determine k(1).
3
Let f(s) be the first derivative of 115 - 1/2*s**2 + s - 1/4*s**4 + 2*s**3. Calculate f(6).
-5
Let n(d) = -20*d + 4. Let g(x) = -3*x. Let p(z) = -6*g(z) + n(z). Suppose 4*o + 20 = 9*o. Suppose o*i - 33 = -1. What is p(i)?
-12
Let a(q) be the first derivative of -2*q**2 - 22*q + q + 17*q - 41. What is a(-5)?
16
Suppose -69*i - 2*s - 7 = -70*i, 0 = 4*i - 3*s - 8. Let d(f) = -3*f**3 + 2*f**2 + 3*f + 2. Give d(i).
4
Let b(i) be the second derivative of 7/120*i**5 + 0 + i**2 + 12*i + 7/6*i**3 + 1/24*i**4. Let f(t) be the second derivative of b(t). Give f(3).
22
Let j(h) = h**2 + h - 3. Let s be j(0). Let r(l) = -l - 1. Let a be r(s). Let d(o) = -1. Let i(w) = w**2 - 4*w - 4. Let z(u) = -5*d(u) + i(u). Calculate z(a).
-3
Let b(c) = -3*c**2 - 13*c + 4. Let w(j) = -16*j**2 - 186*j + 66. Let s be w(-12). Give b(s).
-26
Suppose -3*z = 4*s - 83, 0 = -2*s - 3*z - z + 44. Let h(g) = -21 + 20 + 19*g - s*g. Calculate h(3).
-4
Let h(x) = -2*x + 58. Suppose 10 = 5*j, 2*q - 113*j = -118*j + 62. Calculate h(q).
6
Let m(v) = -174*v + 183. Let k be m(1). Let w(g) = g**2 - 5*g - 31. What is w(k)?
5
Let z(c) = -4 - 10*c**2 + 31*c - 2*c**2 + 15*c**2 + 11*c**3 - 33*c. Determine z(-2).
-76
Let u = 123 + -84. Suppose 4*i - 25 - 50 = -3*s, 2*i - u = -s. Let h(v) = -19*v - i*v + 41*v - 2. What is h(2)?
0
Let f = 5 - 3. Let t(n) = -3*n**3 - 7*n**f + 4*n**3 + 4 - 8. Suppose 52*s - 385 = -5*s + 2*s. Determine t(s).
-4
Let x = 55 - 24. Suppose -k + h - 4 = -1, 3*k = -5*h + x. Let b(t) be the third derivative of t**5/20 + t**3/3 + t**2. Give b(k).
14
Let g(y) = y - 6. Let l = 11 + -7. Suppose -720 = -198*w + 18*w. Suppose -3*o + 11 = w*p, l*p = 3*o + 4 - 23. What is g(o)?
-1
Let l(n) = 4*n**3 - n. Suppose 0 = o + d - 150 + 47, 3*o - 302 = 4*d. Suppose 2*u = -0*u + o. Suppose 0 = -48*g + u*g + 3. Determine l(g).
-3
Let o(x) = -8 + 6*x + 23 - 9*x. Suppose 0 = -156*d + 16*d + 436 + 544. Give o(d).
-6
Suppose 2*t + 2*t - 272 = 0. Suppose -2*c + 4*u - t = -5*c, -3*c + 58 = -u. Let s be 30/c*(-8)/3. Let v(b) = b**3 + 4*b**2 - b + 4. Calculate v(s).
8
Let k = 403441/120 - 3362. Let o(t) be the third derivative of 0*t - 1/6*t**3 + 0 - 12*t**2 + 0*t**4 + k*t**6 + 0*t**5. Calculate o(-2).
-9
Let v(q) = -4*q**2 + 2*q - 8. Let g be v(0). Let x(n) = 0 - 61*n + 68*n + 10. Give x(g).
-46
Let k(u) = u**2 - 2*u - 11. Let p be 3699/685*2/3 + (-4)/(-10). Give k(p).
-3
Let j(w) = -w - 1. Let f be (-424)/(-6) - ((-7)/3 - -3). Suppose -9*a = -2*a + f. Let v(c) = -c - 4. Let h be v(a). Determine j(h).
-7
Let y be (-2 - 45/(-25)) + (-344)/(-20). Let z(r) = -y*r**2 - 5 + 5*r + 18*r**2 + r**3 + 8*r**2. Determine z(-8).
19
Suppose 42*c - 12*c = 4*c - 0*c. Let b(z) = 11*z - 61. Let q(r) = 5*r - 30. Let y(x) = 4*b(x) - 9*q(x). Calculate y(c).
26
Let m(x) be the third derivative of -x**4/3 - 4*x**3 - 19*x**2 + 1. Give m(-3).
0
Let f(y) = -8*y - 2. Let d(u) = -13*u - 1. Let t(l) = -11*l. Let q(g) = -5*d(g) + 4*t(g). Let c(x) = 8*f(x) + 3*q(x). Give c(-2).
1
Let d(c) = -44*c - 28. Suppose 2*p = 11 - 67. Let f(j) = -3*j - 2. Let t(w) = p*f(w) + 2*d(w). Determine t(3).
-12
Suppose 0*x = 4*x - 20. Let o(w) = 7*w + w**3 + 9 - 4*w + x*w + 8*w**2. Suppose -559*y = -525*y + 238. Calculate o(y).
2
Let j(m) = 8*m**3 + 4*m**2 - 7*m - 4. Let z(u) = -13*u**3 - 6*u**2 + 12*u + 7. Let b(d) = 5*j(d) + 3*z(d). Calculate b(-3).
-11
Let q(w) be the first derivative of w**2 + 53*w + 608. What is q(-20)?
13
Let i(b) = -68*b - 199. Let p(x) = -47*x - 132. Let r(w) = 5*i(w) - 7*p(w). Calculate r(-6).
-5
Let s(g) be the second derivative of -g**5/20 + g**4/4 + g**3 - 7*g**2/2 + g. Let f be (-9)/(-36) - 6015/(-1604). What is s(f)?
1
Let b(i) = -8*i**3 - 25*i**2 - 10*i - 15. Let c(u) = -9*u**3 - 26*u**2 - 10*u - 16. Let k(m) = -7*b(m) + 6*c(m). Give k(-9).
0
Let x(d) be the second derivative of 2*d + 3 + 0*d**2 + 1/12*d**4 - 2/3*d**3. What is x(3)?
-3
Let s(h) be the second derivative of -h**3/6 - 7*h**2/2 - h - 10288. Let t = -6 - -2. Determine s(t).
-3
Suppose -4*c - 270 = 42. Let t be c/9*(-12)/(-8). Let a = 19 + t. Let h(d) = -d + 3. What is h(a)?
-3
Let i(r) be the third derivative of r**4/8 - 31*r**3/6 - 317*r**2 - 2*r. Give i(-19).
-88
Let r = -194 - -209. Let v(w) = 10*w**3 - 1 + 2*w + 0*w - 8*w - 11*w**3 - 8*w - r*w**2. Determine v(-14).
-1
Let f(s) = 12827*s + 9 - 12816*s + 19 - s**2. Determine f(9).
46
Let a(w) = w**2 - 11*w + 22. Let j = 58 + -49. Let g be a(j). Let i(r) = -1159*r + g + 1160*r - 4 - 3. Determine i(-8).
-11
Let g(z) = 6*z**2 - 72*z + 15. Suppose -5*q + 25 = 0, -3*o - q = -6*o + 31. What is g(o)?
15
Let w(s) = 23*s + 2. Let c(x) = -42*x + 1. Let o(f) = 6*c(f)